{"id":44,"date":"2010-06-27T07:10:48","date_gmt":"2010-06-27T05:10:48","guid":{"rendered":"http:\/\/www.tauchclub-freiburg.de\/cms\/?page_id=44"},"modified":"2024-10-15T23:16:46","modified_gmt":"2024-10-15T21:16:46","slug":"impressum","status":"publish","type":"page","link":"https:\/\/www.tauchclub-freiburg.de\/cms\/der-verein\/impressum\/","title":{"rendered":"Impressum\/Datenschutz"},"content":{"rendered":"<p><strong>Anschrift:<\/strong><\/p>\n<p>1. Tauchclub Freiburg<br \/>\nSchlettstadterstra\u00dfe 43<br \/>\nD-79110 Freiburg<\/p>\n<p>Registergericht Freiburg Nr. 86<\/p>\n<p><strong>Vertretungsberechtigter Vorstand:<\/strong><\/p>\n<p>Philipp Fuchs (1.Vorsitzender)<br \/>\nHeino Eschbacher (2. Vorsitzender)<br \/>\nRiccarda Rupprecht (Schriftf\u00fchrerin)<\/p>\n<p><strong>Inhaltlich verantwortlich<\/strong><\/p>\n<p>Philipp Fuchs (1. Vorsitzender)<\/p>\n<p><strong>Bannergrafik<\/strong><br \/>\n(c) 2022 1. Tauchclub Freiburg<\/p>\n<p><strong>Datenschutzerkl\u00e4rung gem. Art. 13 DSGVO<\/strong><\/p>\n<p>Diese Datenschutzerkl\u00e4rung beschreibt, wie Ihre personenbezogenen Daten als Kunde, Mitglied, Lieferant, Mitarbeiter oder Partner des 1. Tauchclub Freiburg e.V. verarbeitet werden. Sie erkl\u00e4rt, wie 1. Tauchclub Freiburg e.V. Ihre personenbezogenen Daten nutzt, welche Ma\u00dfnahmen zum Schutz Ihrer Daten ergriffen werden und welche Rechte Sie in Bezug auf Ihre personenbezogenen Daten haben.<\/p>\n<h2><\/h2>\n<p><strong>Einf\u00fchrung<\/strong><\/p>\n<p>Der Schutz personenbezogener Daten ist dem 1. Tauchclub Freiburg e.V. ein wichtiges Anliegen. Deshalb verarbeitet der 1. Tauchclub Freiburg e.V. Ihre personenbezogenen Daten in \u00dcbereinstimmung mit den Vorschriften der europ\u00e4ischen Datenschutzgrundverordnung (DSGVO) und den weiteren anwendbaren Rechtsvorschriften zum Schutz personenbezogener Daten und zur Datensicherheit.<\/p>\n<h2><\/h2>\n<p><strong>1. Zweck der Verarbeitung, Datenkategorien sowie Rechtsgrundlage der Verarbeitung<\/strong><\/p>\n<p>Der 1. Tauchclub e.V. Freiburg verarbeitet Ihre personenbezogenen Daten ausschlie\u00dflich, um mit Ihnen zu kommunizieren, gesch\u00e4ftliche oder mitgliedsrelevante Vorg\u00e4nge vorzubereiten oder abzuwickeln oder Sie auf Ihren Wunsch \u00fcber Neuerungen zu informieren. In diesem Zusammenhang f\u00e4llt eine Vielzahl von Verarbeitungst\u00e4tigkeiten an die nachfolgend aufgef\u00fchrt werden:<\/p>\n<ul>\n<li>Speicherung und Verwaltung der Mitgliederdaten<\/li>\n<li>Einzug von Beitr\u00e4gen per SEPA-Mandat<\/li>\n<li>Einzug f\u00fcr Sonderleistungen<\/li>\n<li>Versand von Rechnungen (Beitr\u00e4ge, Sonderleistungen)<\/li>\n<li>Versand eines Newsletters<\/li>\n<li>Betrieb einer Vereins-Webseite mit Kontaktformular<\/li>\n<li>Versand von Mitgliederlisten an Vorst\u00e4nde (verschl\u00fcsselt)<\/li>\n<li>Meldungen von Leistungssportlern an die CMAS oder andere Dachverb\u00e4nde<\/li>\n<li>Meldung der Mitglieder Daten an den VDST und an die Landesverb\u00e4nde<\/li>\n<\/ul>\n<p>F\u00fcr die oben genannten Zwecke verarbeitet der 1. Tauchclub Freiburg e.V. personenbezogene Daten, die Sie selbst zur Verf\u00fcgung gestellt haben oder die im Zusammenhang mit Ihrer Mitgliedschaft bei uns anfallen. Es handelt sich hierbei um folgende Datenkategorien:<\/p>\n<ul>\n<li>Mitgliedsnummer<\/li>\n<li>Allgemeine Personendaten<\/li>\n<li>Kommunikationsdaten<\/li>\n<li>Mitgliedsstatus<\/li>\n<li>Eintrittsdatum<\/li>\n<li>Bankverbindung<strong><br \/>\n<\/strong><\/li>\n<li>Tauchtauglichkeit<\/li>\n<\/ul>\n<p>Der 1. Tauchclub Freiburg e.V. verarbeitet Ihre personenbezogenen Daten auf Grundlage der nachfolgend aufgef\u00fchrten Vorschriften:<\/p>\n<ul>\n<li>zum Zwecke der Durchf\u00fchrung von Gesch\u00e4ftsprozessen (Artikel 6 (1) (b) DSGVO),<\/li>\n<li>zur Erf\u00fcllung rechtlicher Pflichten (Artikel 6 (1) (c) DSGVO), oder<\/li>\n<li>zur Wahrung berechtigter Interessen vom 1. Tauchclub Freiburg e.V<strong>.<\/strong> unter Abw\u00e4gung der sch\u00fctzenswerten Interessen der Betroffenen (Artikel 6 (1) (f) DSGVO).<\/li>\n<li>haben Sie im Einzelfall ausdr\u00fccklich Ihre Einwilligung in die Verarbeitung Ihrer personenbezogenen Daten erteilt, ist diese Einwilligung die Rechtsgrundlage f\u00fcr die Verarbeitung (Artikel 6 (1) (a) DSGVO).<\/li>\n<li>Der 1. Tauchclub Freiburg e.V. verwaltet die Mitgliederdaten gemeinsam mit dem VDST gem. Art. 26 DSGVO.<\/li>\n<\/ul>\n<h2><\/h2>\n<p><strong>2. \u00dcbermittlung und Weitergabe der personenbezogenen Daten<\/strong><\/p>\n<p>Der 1. Tauchclub Freiburg e.V. \u00fcbermittelt Ihre personenbezogenen Daten im Rahmen des berechtigten Interesses gegebenenfalls an:<\/p>\n<ul>\n<li>sonstige Empf\u00e4nger, wie z.B. Steuer- und Rechtsberater, Gerichte, Anbieter von Versicherungs- und Vorsorgeleistungen oder Gesch\u00e4ftspartnern, die im Rahmen der Vereinst\u00e4tigkeit aktiv werden,<\/li>\n<li><\/li>\n<\/ul>\n<p><strong>\u00a03. Speicherfristen<\/strong><\/p>\n<p>Soweit bei der Erhebung keine ausdr\u00fcckliche Speicherdauer angegeben wird, werden Ihre personenbezogenen Daten gel\u00f6scht, wenn diese nicht mehr zur Erf\u00fcllung des Zweckes der Speicherung erforderlich sind und keine gesetzlichen Aufbewahrungspflichten (z.B. handels-, steuer- oder rentenrechtliche Aufbewahrungspflichten) eine l\u00e4ngere Speicherung erforderlich machen.<\/p>\n<h2><\/h2>\n<p><strong>4. Widerruflichkeit erteilter Einwilligungserkl\u00e4rungen<\/strong><\/p>\n<p>In den F\u00e4llen, in denen Sie dem 1. Tauchclub Freiburg e.V. eine Einwilligung zur Verarbeitung Ihrer personenbezogenen Daten erteilt haben, haben Sie das Recht die erteilte Einwilligung jederzeit mit Wirkung f\u00fcr die Zukunft zu widerrufen. Das bedeutet, dass die vor dem Widerruf erfolgte Verarbeitung auf Basis der Einwilligung rechtm\u00e4\u00dfig erfolgte.<\/p>\n<h2><\/h2>\n<p><strong>5. Ihre Rechte<\/strong><\/p>\n<p>Wenn Sie Mitglied des 1. Tauchclub Freiburgs e.V. sind oder beim 1. Tauchclub Freiburg e.V. besch\u00e4ftigt sind, haben Sie gegebenenfalls das Recht vom 1. Tauchclub Freiburg e.V.:<\/p>\n<ul>\n<li>Auskunft \u00fcber von Ihnen verarbeiteten personenbezogene Daten zu erhalten,<\/li>\n<li>die Berichtigung unrichtiger personenbezogener Daten zu verlangen,<\/li>\n<li>die L\u00f6schung der verarbeiteten personenbezogenen Daten zu verlangen,<\/li>\n<li>die Einschr\u00e4nkung der Verarbeitung personenbezogener Daten zu verlangen,<\/li>\n<li>die \u00dcbertragung der Daten zu verlangen oder<\/li>\n<li>der Datenverarbeitung personenbezogener Daten zu widersprechen.<\/li>\n<\/ul>\n<p>Der 1. Tauchclub Freiburg e.V. informiert Sie gerne im Detail \u00fcber die Ihnen zustehenden Rechte. Nehmen Sie dazu einfach Kontakt \u00fcber vorstand@Tauchclub-Freiburg.de oder die f\u00fcr Sie zust\u00e4ndige Kontaktperson auf.<\/p>\n<p><strong>6. Verantwortlich f\u00fcr die Verarbeitung<\/strong><\/p>\n<p>1.Tauchclub Freiburg e.V.<br \/>\nSchlettstadter Str. 43<br \/>\n79110 Freiburg<br \/>\nTel. 0761 \/ 800060<\/p>\n<p><em>\u00a0<\/em><\/p>\n","protected":false},"excerpt":{"rendered":"<p>Anschrift: 1. Tauchclub Freiburg Schlettstadterstra\u00dfe 43 D-79110 Freiburg Registergericht Freiburg Nr. 86 Vertretungsberechtigter Vorstand: Philipp Fuchs (1.Vorsitzender) Heino Eschbacher (2. Vorsitzender) Riccarda Rupprecht (Schriftf\u00fchrerin) Inhaltlich verantwortlich Philipp Fuchs (1. Vorsitzender) Bannergrafik (c) 2022 1. Tauchclub Freiburg Datenschutzerkl\u00e4rung gem. Art. 13 DSGVO Diese Datenschutzerkl\u00e4rung beschreibt, wie Ihre personenbezogenen Daten als Kunde, Mitglied, Lieferant, Mitarbeiter oder Partner &hellip; <\/p>\n<p><a class=\"more-link btn\" href=\"https:\/\/www.tauchclub-freiburg.de\/cms\/der-verein\/impressum\/\">Weiterlesen<\/a><\/p>\n","protected":false},"author":1,"featured_media":0,"parent":5,"menu_order":9,"comment_status":"closed","ping_status":"closed","template":"","meta":{"footnotes":""},"class_list":["post-44","page","type-page","status-publish","hentry","nodate","item-wrap"],"_links":{"self":[{"href":"https:\/\/www.tauchclub-freiburg.de\/cms\/wp-json\/wp\/v2\/pages\/44","targetHints":{"allow":["GET"]}}],"collection":[{"href":"https:\/\/www.tauchclub-freiburg.de\/cms\/wp-json\/wp\/v2\/pages"}],"about":[{"href":"https:\/\/www.tauchclub-freiburg.de\/cms\/wp-json\/wp\/v2\/types\/page"}],"author":[{"embeddable":true,"href":"https:\/\/www.tauchclub-freiburg.de\/cms\/wp-json\/wp\/v2\/users\/1"}],"replies":[{"embeddable":true,"href":"https:\/\/www.tauchclub-freiburg.de\/cms\/wp-json\/wp\/v2\/comments?post=44"}],"version-history":[{"count":38,"href":"https:\/\/www.tauchclub-freiburg.de\/cms\/wp-json\/wp\/v2\/pages\/44\/revisions"}],"predecessor-version":[{"id":3984,"href":"https:\/\/www.tauchclub-freiburg.de\/cms\/wp-json\/wp\/v2\/pages\/44\/revisions\/3984"}],"up":[{"embeddable":true,"href":"https:\/\/www.tauchclub-freiburg.de\/cms\/wp-json\/wp\/v2\/pages\/5"}],"wp:attachment":[{"href":"https:\/\/www.tauchclub-freiburg.de\/cms\/wp-json\/wp\/v2\/media?parent=44"}],"curies":[{"name":"wp","href":"https:\/\/api.w.org\/{rel}","templated":true}]}}