{"id":4043,"date":"2025-06-26T00:38:05","date_gmt":"2025-06-25T22:38:05","guid":{"rendered":"https:\/\/www.tauchclub-freiburg.de\/cms\/?page_id=4043"},"modified":"2025-10-11T13:33:15","modified_gmt":"2025-10-11T11:33:15","slug":"unterwasser-hockey","status":"publish","type":"page","link":"https:\/\/www.tauchclub-freiburg.de\/cms\/abteilungen\/unterwasser-hockey\/","title":{"rendered":"Unterwasser-Hockey"},"content":{"rendered":"\n<h2 class=\"wp-block-heading\">Wie funktioniert UWH?<\/h2>\n\n\n\n<p>Unterwasser-Hockey ist eine Mischung aus Schnorcheln mit Flossen, Apnoetauchen und Hockey.&nbsp;Ziel ist es, einen 1,3 kg schweren Puck mithilfe kurzer Schl\u00e4ger \u00fcber den Beckenboden in das gegnerische Tor zu spielen<strong>.&nbsp;<\/strong>UWH ist ein sehr dynamischer Sport, bei dem neben Schnelligkeit und Apnoekapazit\u00e4t, vor allem Puck-Kontrolle und das richtige Timing entscheidend sind. Die Ausr\u00fcstung besteht dabei aus Flossen (4), Taucherbrille (3) und Schnorchel (1) sowie einem 30 cm langen Schl\u00e4ger (5). Zum Schutz tr\u00e4gt man eine Kappe (2), einen Mundschutz und einen Handschuh. Eine gute Einf\u00fchrung auf Englisch bietet dieses <a href=\"https:\/\/www.youtube.com\/watch?v=JoiUTu4emcE\">Video vom UWH NEWS Team.<\/a><\/p>\n\n\n\n<figure class=\"wp-block-image size-full is-resized\"><a href=\"https:\/\/www.tauchclub-freiburg.de\/cms\/wp-content\/uploads\/2025\/06\/image.png\"><img loading=\"lazy\" decoding=\"async\" width=\"190\" height=\"190\" src=\"https:\/\/www.tauchclub-freiburg.de\/cms\/wp-content\/uploads\/2025\/06\/image.png\" alt=\"\" class=\"wp-image-4044\" style=\"width:217px;height:auto\" srcset=\"https:\/\/www.tauchclub-freiburg.de\/cms\/wp-content\/uploads\/2025\/06\/image.png 190w, https:\/\/www.tauchclub-freiburg.de\/cms\/wp-content\/uploads\/2025\/06\/image-150x150.png 150w\" sizes=\"auto, (max-width: 190px) 100vw, 190px\" \/><\/a><\/figure>\n\n\n\n<h2 class=\"wp-block-heading\">Training<\/h2>\n\n\n\n<p>Wasser ist Dein Element und Du hast Lust auf ein actionreiches Teamspiel?<br>Dann bist Du bei uns genau richtig! Komm gerne zum Schnuppertraining vorbei und entdecke eine spannende Sportart unter Wasser. Unser Training besteht aus einem Fitnessblock (inklusive viel Tauchen), Technik- oder Taktikeinheiten \u2013 und zum Abschluss wird nat\u00fcrlich auch gespielt. Egal ob Anf\u00e4nger oder Fortgeschrittener: Alle Levels, Altersgruppen und Geschlechter sind bei uns willkommen. Wir trainieren regelm\u00e4\u00dfig au\u00dferhalb der Schulferien \u2013 die genauen Zeiten findest Du unter <a href=\"https:\/\/www.tauchclub-freiburg.de\/cms\/aktiv\/\" data-type=\"post_tag\">&#8222;Training &amp; Kurse&#8220;<\/a>. Schreibe uns vorab eine kurze <a href=\"mailto:uwh@tauchclub-freiburg.de\" data-type=\"page\" data-id=\"196\">Mail<\/a> , damit wir Dir das n\u00f6tige Equipment mitbringen k\u00f6nnen. Aktuell l\u00e4uft au\u00dferdem eine Kooperation mit dem Hochschulsport der Universit\u00e4t Freiburg.<\/p>\n\n\n\n<h4 class=\"wp-block-heading\">English<\/h4>\n\n\n\n<p>Freiburg offers underwater hocky training sessions usually on Fridays. If you are visiting the area, please give a short heads-up to <a href=\"mailto:uwh@tauchclub-freiburg.de\">uwh@tauchclub-freiburg.de<\/a>. Then, we are organize the time and your UWH equipment. Our coach speaks English and Spanish.<\/p>\n\n\n\n<figure class=\"wp-block-embed is-type-video is-provider-youtube wp-block-embed-youtube wp-embed-aspect-16-9 wp-has-aspect-ratio\"><div class=\"wp-block-embed__wrapper\">\n<iframe loading=\"lazy\" title=\"This is underwater hockey !\" width=\"750\" height=\"422\" src=\"https:\/\/www.youtube.com\/embed\/JoiUTu4emcE?feature=oembed\" frameborder=\"0\" allow=\"accelerometer; autoplay; clipboard-write; encrypted-media; gyroscope; picture-in-picture; web-share\" referrerpolicy=\"strict-origin-when-cross-origin\" allowfullscreen><\/iframe>\n<\/div><\/figure>\n\n\n\n<p><\/p>\n","protected":false},"excerpt":{"rendered":"<p>Wie funktioniert UWH? Unterwasser-Hockey ist eine Mischung aus Schnorcheln mit Flossen, Apnoetauchen und Hockey.&nbsp;Ziel ist es, einen 1,3 kg schweren Puck mithilfe kurzer Schl\u00e4ger \u00fcber den Beckenboden in das gegnerische Tor zu spielen.&nbsp;UWH ist ein sehr dynamischer Sport, bei dem neben Schnelligkeit und Apnoekapazit\u00e4t, vor allem Puck-Kontrolle und das richtige Timing entscheidend sind. Die Ausr\u00fcstung &hellip; <\/p>\n<p><a class=\"more-link btn\" href=\"https:\/\/www.tauchclub-freiburg.de\/cms\/abteilungen\/unterwasser-hockey\/\">Weiterlesen<\/a><\/p>\n","protected":false},"author":391,"featured_media":0,"parent":46,"menu_order":5,"comment_status":"closed","ping_status":"closed","template":"","meta":{"footnotes":""},"class_list":["post-4043","page","type-page","status-publish","hentry","nodate","item-wrap"],"_links":{"self":[{"href":"https:\/\/www.tauchclub-freiburg.de\/cms\/wp-json\/wp\/v2\/pages\/4043","targetHints":{"allow":["GET"]}}],"collection":[{"href":"https:\/\/www.tauchclub-freiburg.de\/cms\/wp-json\/wp\/v2\/pages"}],"about":[{"href":"https:\/\/www.tauchclub-freiburg.de\/cms\/wp-json\/wp\/v2\/types\/page"}],"author":[{"embeddable":true,"href":"https:\/\/www.tauchclub-freiburg.de\/cms\/wp-json\/wp\/v2\/users\/391"}],"replies":[{"embeddable":true,"href":"https:\/\/www.tauchclub-freiburg.de\/cms\/wp-json\/wp\/v2\/comments?post=4043"}],"version-history":[{"count":3,"href":"https:\/\/www.tauchclub-freiburg.de\/cms\/wp-json\/wp\/v2\/pages\/4043\/revisions"}],"predecessor-version":[{"id":4065,"href":"https:\/\/www.tauchclub-freiburg.de\/cms\/wp-json\/wp\/v2\/pages\/4043\/revisions\/4065"}],"up":[{"embeddable":true,"href":"https:\/\/www.tauchclub-freiburg.de\/cms\/wp-json\/wp\/v2\/pages\/46"}],"wp:attachment":[{"href":"https:\/\/www.tauchclub-freiburg.de\/cms\/wp-json\/wp\/v2\/media?parent=4043"}],"curies":[{"name":"wp","href":"https:\/\/api.w.org\/{rel}","templated":true}]}}