{"id":3230,"date":"2019-02-03T22:02:26","date_gmt":"2019-02-03T21:02:26","guid":{"rendered":"http:\/\/www.tauchclub-freiburg.de\/cms\/?page_id=3230"},"modified":"2023-01-26T12:54:16","modified_gmt":"2023-01-26T11:54:16","slug":"forum","status":"publish","type":"page","link":"https:\/\/www.tauchclub-freiburg.de\/cms\/forum\/","title":{"rendered":"Forum"},"content":{"rendered":"\n<p>Ein Thema der Zukunftswerkstatt war es, einen Kommunikationsweg einzuf\u00fchren, \u00fcber den man sich mit allen Mitgliedern unterhalten kann ohne das dabei jemand ausgeschlossen wird. <\/p>\n\n\n\n<p>Hierf\u00fcr haben wir nun ein Forum eingerichtet, welches auf der MV vorgestellt wird. <\/p>\n\n\n\n<p>Wer trotzdem vorweg schon mal einen Blick ins Forum werfen will kann dies nat\u00fcrlich gerne machen.<\/p>\n\n\n\n<p>Das Forum ist \u00fcber den Link: <a href=\"http:\/\/Forum.Tauchclub-freiburg.de\">Forum.Tauchclub-freiburg.de<\/a> zu erreichen<\/p>\n","protected":false},"excerpt":{"rendered":"<p>Ein Thema der Zukunftswerkstatt war es, einen Kommunikationsweg einzuf\u00fchren, \u00fcber den man sich mit allen Mitgliedern unterhalten kann ohne das dabei jemand ausgeschlossen wird. Hierf\u00fcr haben wir nun ein Forum eingerichtet, welches auf der MV vorgestellt wird. Wer trotzdem vorweg schon mal einen Blick ins Forum werfen will kann dies nat\u00fcrlich gerne machen. Das Forum &hellip; <\/p>\n<p><a class=\"more-link btn\" href=\"https:\/\/www.tauchclub-freiburg.de\/cms\/forum\/\">Weiterlesen<\/a><\/p>\n","protected":false},"author":279,"featured_media":0,"parent":0,"menu_order":10,"comment_status":"closed","ping_status":"closed","template":"","meta":{"footnotes":""},"class_list":["post-3230","page","type-page","status-publish","hentry","nodate","item-wrap"],"_links":{"self":[{"href":"https:\/\/www.tauchclub-freiburg.de\/cms\/wp-json\/wp\/v2\/pages\/3230","targetHints":{"allow":["GET"]}}],"collection":[{"href":"https:\/\/www.tauchclub-freiburg.de\/cms\/wp-json\/wp\/v2\/pages"}],"about":[{"href":"https:\/\/www.tauchclub-freiburg.de\/cms\/wp-json\/wp\/v2\/types\/page"}],"author":[{"embeddable":true,"href":"https:\/\/www.tauchclub-freiburg.de\/cms\/wp-json\/wp\/v2\/users\/279"}],"replies":[{"embeddable":true,"href":"https:\/\/www.tauchclub-freiburg.de\/cms\/wp-json\/wp\/v2\/comments?post=3230"}],"version-history":[{"count":2,"href":"https:\/\/www.tauchclub-freiburg.de\/cms\/wp-json\/wp\/v2\/pages\/3230\/revisions"}],"predecessor-version":[{"id":3232,"href":"https:\/\/www.tauchclub-freiburg.de\/cms\/wp-json\/wp\/v2\/pages\/3230\/revisions\/3232"}],"wp:attachment":[{"href":"https:\/\/www.tauchclub-freiburg.de\/cms\/wp-json\/wp\/v2\/media?parent=3230"}],"curies":[{"name":"wp","href":"https:\/\/api.w.org\/{rel}","templated":true}]}}