{"id":2265,"date":"2016-02-06T12:21:44","date_gmt":"2016-02-06T11:21:44","guid":{"rendered":"http:\/\/www.tauchclub-freiburg.de\/cms\/?page_id=2265"},"modified":"2017-03-01T20:35:39","modified_gmt":"2017-03-01T19:35:39","slug":"mitgliederversammlung-2016","status":"publish","type":"page","link":"https:\/\/www.tauchclub-freiburg.de\/cms\/mitglieder\/mitgliederversammlung-2016\/","title":{"rendered":"Mitgliederversammlung 2016"},"content":{"rendered":"<h2>Protokoll der MV 2016<\/h2>\n<p><a href=\"http:\/\/www.tauchclub-freiburg.de\/cms\/wp-content\/uploads\/2017\/03\/Protokoll-MV-2016.pdf\">Protokoll MV 2016<\/a><\/p>\n<h2>T\u00e4tigkeitsberichte 2015- 2016<\/h2>\n<p><a href=\"http:\/\/www.tauchclub-freiburg.de\/cms\/wp-content\/uploads\/2016\/02\/T\u00e4tigkeitsbericht-1Vorsitzender-2015-2016.pdf\">T\u00e4tigkeitsbericht 1. Vorsitzender Frank Oldenettel<\/a><br \/>\n<a href=\"http:\/\/www.tauchclub-freiburg.de\/cms\/wp-content\/uploads\/2016\/02\/T\u00e4tigkeitsbericht-2-Vorsitzender-Reiner-Fabian-2016.pdf\">T\u00e4tigkeitsbericht 2. Vorsitzender Reiner Fabian<\/a><br \/>\n<a href=\"http:\/\/www.tauchclub-freiburg.de\/cms\/wp-content\/uploads\/2016\/02\/Taetigkeitsbericht-Schriftfuehrer-2015-2016.pdf\">T\u00e4tigkeitsbericht Schriftf\u00fchrerin Sigrid Oldenettel<\/a><br \/>\n<a href=\"http:\/\/www.tauchclub-freiburg.de\/cms\/wp-content\/uploads\/2016\/02\/Taetigkeitbericht-Ausr\u00fcstung-2015-2016.pdf\">T\u00e4tigkeitsbericht Ausr\u00fcstungswart Peter Dilger<br \/>\n<\/a><a href=\"http:\/\/www.tauchclub-freiburg.de\/cms\/wp-content\/uploads\/2016\/03\/T\u00e4tigkeitsbericht-Jugendwartin-Alexandra-Thum-2016.pdf\">T\u00e4tigkeitsbericht Jugendwartin Alexandra Thum 2016<br \/>\n<\/a><a href=\"http:\/\/www.tauchclub-freiburg.de\/cms\/wp-content\/uploads\/2016\/03\/T\u00e4tigkeitsbericht-Ausbildungsleiter-Philipp-Fuchs.pdf\">T\u00e4tigkeitsbericht Ausbildungsleiter Philipp Fuchs<\/a><a href=\"http:\/\/www.tauchclub-freiburg.de\/cms\/wp-content\/uploads\/2016\/03\/T\u00e4tigkeitsbericht-Jugendwartin-Alexandra-Thum-2016.pdf\"><br \/>\n<\/a><a href=\"http:\/\/www.tauchclub-freiburg.de\/cms\/wp-content\/uploads\/2016\/03\/T\u00e4tigkeitsbericht-Beisitzer-Heino-Eschbacher.pdf\">T\u00e4tigkeitsbericht Beisitzer Heino Eschbacher<\/a><a href=\"http:\/\/www.tauchclub-freiburg.de\/cms\/wp-content\/uploads\/2016\/03\/T\u00e4tigkeitsbericht-Jugendwartin-Alexandra-Thum-2016.pdf\"><br \/>\n<\/a><a href=\"http:\/\/www.tauchclub-freiburg.de\/cms\/wp-content\/uploads\/2016\/03\/T\u00e4tigkeitsbericht-Fotowart-Hans-Juergen-Erschig.pdf\">T\u00e4tigkeitsbericht Fotowart Hans-Juergen Erschig<\/a><a href=\"http:\/\/www.tauchclub-freiburg.de\/cms\/wp-content\/uploads\/2016\/03\/T\u00e4tigkeitsbericht-Jugendwartin-Alexandra-Thum-2016.pdf\"><br \/>\n<\/a><a href=\"http:\/\/www.tauchclub-freiburg.de\/cms\/wp-content\/uploads\/2016\/03\/T\u00e4tigkeitsbericht-kommissarischer-Organisationswart-Thomas-Benkler-2015.pdf\">T\u00e4tigkeitsbericht kommissarischer Organisationswart Thomas Benkler 2015<\/a><a href=\"http:\/\/www.tauchclub-freiburg.de\/cms\/wp-content\/uploads\/2016\/03\/T\u00e4tigkeitsbericht-Jugendwartin-Alexandra-Thum-2016.pdf\"><br \/>\n<\/a><a href=\"http:\/\/www.tauchclub-freiburg.de\/cms\/wp-content\/uploads\/2016\/03\/T\u00e4tigkeitsbericht-UW-Rugbywart-Stefan-Brantin-2015.pdf\">T\u00e4tigkeitsbericht UW-Rugbywart Stefan Brantin 2015<\/a><a href=\"http:\/\/www.tauchclub-freiburg.de\/cms\/wp-content\/uploads\/2016\/03\/T\u00e4tigkeitsbericht-Jugendwartin-Alexandra-Thum-2016.pdf\"><br \/>\n<\/a><\/p>\n<h1>Antr\u00e4ge zur MV 2016<\/h1>\n<p><a href=\"http:\/\/www.tauchclub-freiburg.de\/cms\/wp-content\/uploads\/2016\/02\/Antr\u00e4ge-f\u00fcr-die-Mitgliederversammlung-2016.pdf\">Antr\u00e4ge f\u00fcr die Mitgliederversammlung 2016<\/a><\/p>\n<p>&nbsp;<\/p>\n","protected":false},"excerpt":{"rendered":"<p>Protokoll der MV 2016 Protokoll MV 2016 T\u00e4tigkeitsberichte 2015- 2016 T\u00e4tigkeitsbericht 1. Vorsitzender Frank Oldenettel T\u00e4tigkeitsbericht 2. Vorsitzender Reiner Fabian T\u00e4tigkeitsbericht Schriftf\u00fchrerin Sigrid Oldenettel T\u00e4tigkeitsbericht Ausr\u00fcstungswart Peter Dilger T\u00e4tigkeitsbericht Jugendwartin Alexandra Thum 2016 T\u00e4tigkeitsbericht Ausbildungsleiter Philipp Fuchs T\u00e4tigkeitsbericht Beisitzer Heino Eschbacher T\u00e4tigkeitsbericht Fotowart Hans-Juergen Erschig T\u00e4tigkeitsbericht kommissarischer Organisationswart Thomas Benkler 2015 T\u00e4tigkeitsbericht UW-Rugbywart Stefan Brantin &hellip; <\/p>\n<p><a class=\"more-link btn\" href=\"https:\/\/www.tauchclub-freiburg.de\/cms\/mitglieder\/mitgliederversammlung-2016\/\">Weiterlesen<\/a><\/p>\n","protected":false},"author":1,"featured_media":0,"parent":56,"menu_order":0,"comment_status":"closed","ping_status":"closed","template":"","meta":{"footnotes":""},"class_list":["post-2265","page","type-page","status-publish","hentry","nodate","item-wrap"],"_links":{"self":[{"href":"https:\/\/www.tauchclub-freiburg.de\/cms\/wp-json\/wp\/v2\/pages\/2265","targetHints":{"allow":["GET"]}}],"collection":[{"href":"https:\/\/www.tauchclub-freiburg.de\/cms\/wp-json\/wp\/v2\/pages"}],"about":[{"href":"https:\/\/www.tauchclub-freiburg.de\/cms\/wp-json\/wp\/v2\/types\/page"}],"author":[{"embeddable":true,"href":"https:\/\/www.tauchclub-freiburg.de\/cms\/wp-json\/wp\/v2\/users\/1"}],"replies":[{"embeddable":true,"href":"https:\/\/www.tauchclub-freiburg.de\/cms\/wp-json\/wp\/v2\/comments?post=2265"}],"version-history":[{"count":5,"href":"https:\/\/www.tauchclub-freiburg.de\/cms\/wp-json\/wp\/v2\/pages\/2265\/revisions"}],"predecessor-version":[{"id":2292,"href":"https:\/\/www.tauchclub-freiburg.de\/cms\/wp-json\/wp\/v2\/pages\/2265\/revisions\/2292"}],"up":[{"embeddable":true,"href":"https:\/\/www.tauchclub-freiburg.de\/cms\/wp-json\/wp\/v2\/pages\/56"}],"wp:attachment":[{"href":"https:\/\/www.tauchclub-freiburg.de\/cms\/wp-json\/wp\/v2\/media?parent=2265"}],"curies":[{"name":"wp","href":"https:\/\/api.w.org\/{rel}","templated":true}]}}