{"id":1389,"date":"2012-11-18T13:34:46","date_gmt":"2012-11-18T12:34:46","guid":{"rendered":"http:\/\/www.tauchclub-freiburg.de\/cms\/?page_id=1389"},"modified":"2012-11-18T13:52:55","modified_gmt":"2012-11-18T12:52:55","slug":"renovierung-der-kuche-im-august-oktober-2012","status":"publish","type":"page","link":"https:\/\/www.tauchclub-freiburg.de\/cms\/der-verein\/fotogalerien\/renovierung-der-kuche-im-august-oktober-2012\/","title":{"rendered":"Renovierung der K\u00fcche im August-Oktober 2012"},"content":{"rendered":"<p>Nach einem Wasserschaden an der K\u00fcchenwand auf der Herd-Seite, der sich allerdings schon vor einigen Jahren ereignete war es allerh\u00f6chste Zeit geworden, diesen Schaden zu beheben.<\/p>\n<p>Die K\u00fcchenelemente auf der Seite der K\u00fcche waren stark in Mitleidenschaft gezogen worden und total morsch. Auch eine gewissen Schimmelbildung konnte nicht geleugnet werden. Daher hat sich eine Gruppen engagierter tatkr\u00e4fitger Helfer daran gemacht, unsere K\u00fcche zu renovieren. P\u00fcnktlich zum Herbstabtauchen hatten wir wieder eine sch\u00f6ne und funktionst\u00fcchtige K\u00fcche im Clubheim.<\/p>\n<p>Vielen Dank den Helfern:<\/p>\n<p style=\"text-align: center;\"><em>K\u00fcchenbau<\/em>: Matthias, Robert, Roland, Maik, J\u00fcrgen; <em>Fliesenspende:<\/em> G\u00fcnter; <em>Einr\u00e4umen<\/em>: Lili, Sigrid und Max<\/p>\n<p>[nggallery id=5]<\/p>\n","protected":false},"excerpt":{"rendered":"<p>Nach einem Wasserschaden an der K\u00fcchenwand auf der Herd-Seite, der sich allerdings schon vor einigen Jahren ereignete war es allerh\u00f6chste Zeit geworden, diesen Schaden zu beheben. Die K\u00fcchenelemente auf der Seite der K\u00fcche waren stark in Mitleidenschaft gezogen worden und total morsch. Auch eine gewissen Schimmelbildung konnte nicht geleugnet werden. Daher hat sich eine Gruppen &hellip; <\/p>\n<p><a class=\"more-link btn\" href=\"https:\/\/www.tauchclub-freiburg.de\/cms\/der-verein\/fotogalerien\/renovierung-der-kuche-im-august-oktober-2012\/\">Weiterlesen<\/a><\/p>\n","protected":false},"author":1,"featured_media":0,"parent":1332,"menu_order":97,"comment_status":"closed","ping_status":"closed","template":"","meta":{"footnotes":""},"class_list":["post-1389","page","type-page","status-publish","hentry","nodate","item-wrap"],"_links":{"self":[{"href":"https:\/\/www.tauchclub-freiburg.de\/cms\/wp-json\/wp\/v2\/pages\/1389","targetHints":{"allow":["GET"]}}],"collection":[{"href":"https:\/\/www.tauchclub-freiburg.de\/cms\/wp-json\/wp\/v2\/pages"}],"about":[{"href":"https:\/\/www.tauchclub-freiburg.de\/cms\/wp-json\/wp\/v2\/types\/page"}],"author":[{"embeddable":true,"href":"https:\/\/www.tauchclub-freiburg.de\/cms\/wp-json\/wp\/v2\/users\/1"}],"replies":[{"embeddable":true,"href":"https:\/\/www.tauchclub-freiburg.de\/cms\/wp-json\/wp\/v2\/comments?post=1389"}],"version-history":[{"count":5,"href":"https:\/\/www.tauchclub-freiburg.de\/cms\/wp-json\/wp\/v2\/pages\/1389\/revisions"}],"predecessor-version":[{"id":1394,"href":"https:\/\/www.tauchclub-freiburg.de\/cms\/wp-json\/wp\/v2\/pages\/1389\/revisions\/1394"}],"up":[{"embeddable":true,"href":"https:\/\/www.tauchclub-freiburg.de\/cms\/wp-json\/wp\/v2\/pages\/1332"}],"wp:attachment":[{"href":"https:\/\/www.tauchclub-freiburg.de\/cms\/wp-json\/wp\/v2\/media?parent=1389"}],"curies":[{"name":"wp","href":"https:\/\/api.w.org\/{rel}","templated":true}]}}