{"id":1385,"date":"2012-11-18T13:16:00","date_gmt":"2012-11-18T12:16:00","guid":{"rendered":"http:\/\/www.tauchclub-freiburg.de\/cms\/?page_id=1385"},"modified":"2012-11-18T13:21:23","modified_gmt":"2012-11-18T12:21:23","slug":"herbstabtauchen-am-13-10-2012","status":"publish","type":"page","link":"https:\/\/www.tauchclub-freiburg.de\/cms\/der-verein\/fotogalerien\/herbstabtauchen-am-13-10-2012\/","title":{"rendered":"Herbstabtauchen am 13.10.2012"},"content":{"rendered":"<p>Das diesj\u00e4hrige Herbstabtauchen erfreute sich an einer regen Teilnahme. Zun\u00e4chst wurden bei sch\u00f6nem Wetter am Matschelsee Standes-gem\u00e4\u00dfen Tauchg\u00e4nge absolviert. Anschlie\u00dfend gab es dann im Clubheim die n\u00f6tige St\u00e4rkung vom Grill.<\/p>\n<p>[nggallery id=4]<\/p>\n","protected":false},"excerpt":{"rendered":"<p>Das diesj\u00e4hrige Herbstabtauchen erfreute sich an einer regen Teilnahme. Zun\u00e4chst wurden bei sch\u00f6nem Wetter am Matschelsee Standes-gem\u00e4\u00dfen Tauchg\u00e4nge absolviert. Anschlie\u00dfend gab es dann im Clubheim die n\u00f6tige St\u00e4rkung vom Grill. [nggallery id=4]<\/p>\n","protected":false},"author":1,"featured_media":0,"parent":1332,"menu_order":95,"comment_status":"closed","ping_status":"closed","template":"","meta":{"footnotes":""},"class_list":["post-1385","page","type-page","status-publish","hentry","nodate","item-wrap"],"_links":{"self":[{"href":"https:\/\/www.tauchclub-freiburg.de\/cms\/wp-json\/wp\/v2\/pages\/1385","targetHints":{"allow":["GET"]}}],"collection":[{"href":"https:\/\/www.tauchclub-freiburg.de\/cms\/wp-json\/wp\/v2\/pages"}],"about":[{"href":"https:\/\/www.tauchclub-freiburg.de\/cms\/wp-json\/wp\/v2\/types\/page"}],"author":[{"embeddable":true,"href":"https:\/\/www.tauchclub-freiburg.de\/cms\/wp-json\/wp\/v2\/users\/1"}],"replies":[{"embeddable":true,"href":"https:\/\/www.tauchclub-freiburg.de\/cms\/wp-json\/wp\/v2\/comments?post=1385"}],"version-history":[{"count":3,"href":"https:\/\/www.tauchclub-freiburg.de\/cms\/wp-json\/wp\/v2\/pages\/1385\/revisions"}],"predecessor-version":[{"id":1387,"href":"https:\/\/www.tauchclub-freiburg.de\/cms\/wp-json\/wp\/v2\/pages\/1385\/revisions\/1387"}],"up":[{"embeddable":true,"href":"https:\/\/www.tauchclub-freiburg.de\/cms\/wp-json\/wp\/v2\/pages\/1332"}],"wp:attachment":[{"href":"https:\/\/www.tauchclub-freiburg.de\/cms\/wp-json\/wp\/v2\/media?parent=1385"}],"curies":[{"name":"wp","href":"https:\/\/api.w.org\/{rel}","templated":true}]}}